e prime factors of 186716400?
2, 3, 5, 13, 11969
List the prime factors of 919888485.
3, 5, 61325899
What are the prime factors of 644886236?
2, 23, 1721, 4073
List the prime factors of 1141240839.
3, 37, 269, 1033
List the prime factors of 288478290.
2, 3, 5, 269, 35747
List the prime factors of 304958048.
2, 2557, 3727
List the prime factors of 2240232985.
5, 1973, 227089
What are the prime factors of 121630920?
2, 3, 5, 17, 109, 547
What are the prime factors of 61037659?
61037659
List the prime factors of 461119674.
2, 3, 4409, 17431
What are the prime factors of 6449119?
1487, 4337
List the prime factors of 4173867929.
7, 11, 73, 742549
List the prime factors of 1692545296.
2, 13, 17, 73, 79, 83
What are the prime factors of 578143725?
3, 5, 79, 97577
What are the prime factors of 77316735?
3, 5, 823, 6263
List the prime factors of 2311000037.
2311000037
List the prime factors of 24851465.
5, 179, 27767
List the prime factors of 2494787724.
2, 3, 11, 13, 484613
List the prime factors of 61480328.
2, 7, 13, 79, 1069
What are the prime factors of 23034132?
2, 3, 11, 23, 281
What are the prime factors of 21624372?
2, 3, 7, 11, 29, 269
What are the prime factors of 693251244?
2, 3, 7, 916999
List the prime factors of 116365552.
2, 61, 119227
What are the prime factors of 33604937?
17, 1976761
What are the prime factors of 25616116?
2, 1933, 3313
List the prime factors of 13752148.
2, 29, 103, 1151
List the prime factors of 2004722191.
53, 251, 150697
What are the prime factors of 3577521?
3, 101, 11807
List the prime factors of 96921625.
5, 29, 26737
What are the prime factors of 29568655?
5, 19, 409, 761
What are the prime factors of 4209749401?
11, 13, 857, 34351
List the prime factors of 1738299786.
2, 3, 191, 353, 4297
What are the prime factors of 17596543?
1699, 10357
List the prime factors of 1902938043.
3, 41, 15471041
List the prime factors of 4110010367.
1151, 3570817
What are the prime factors of 2934110286?
2, 3, 37, 4405571
List the prime factors of 99239538.
2, 3, 113, 197, 743
List the prime factors of 25232600.
2, 5, 79, 1597
What are the prime factors of 2729667901?
193, 3719, 3803
List the prime factors of 427516687.
13, 32885899
What are the prime factors of 770589060?
2, 3, 5, 12843151
List the prime factors of 96861023.
7, 13837289
What are the prime factors of 230682992?
2, 149, 96763
What are the prime factors of 158232335?
5, 1783, 17749
List the prime factors of 26367488.
2, 7, 1051
List the prime factors of 3041059014.
2, 3, 7, 24135389
What are the prime factors of 1163257699?
41, 79, 83, 4327
List the prime factors of 105977408.
2, 1655897
List the prime factors of 33763243.
67, 503929
List the prime factors of 74080334.
2, 37040167
What are the prime factors of 1919371102?
2, 11, 87244141
List the prime factors of 259886198.
2, 11, 13, 569, 1597
What are the prime factors of 821491916?
2, 7, 29338997
List the prime factors of 198607480.
2, 5, 4965187
List the prime factors of 35759467.
641, 55787
What are the prime factors of 5858969?
31, 188999
List the prime factors of 943081859.
943081859
What are the prime factors of 172921810?
2, 5, 163, 106087
List the prime factors of 51321074.
2, 7, 3665791
List the prime factors of 77325932.
2, 307, 62969
List the prime factors of 4754541727.
13, 59, 61, 7817
List the prime factors of 168642368.
2, 2635037
List the prime factors of 115531107.
3, 5471, 7039
List the prime factors of 2559733832.
2, 319966729
List the prime factors of 177454825.
5, 7098193
List the prime factors of 5866072276.
2, 1466518069
List the prime factors of 40306039.
40306039
What are the prime factors of 138330427?
229, 604063
What are the prime factors of 1942902626?
2, 7, 43, 461059
What are the prime factors of 297806196?
2, 3, 24817183
What are the prime factors of 74840448?
2, 3, 31, 6287
What are the prime factors of 507617101?
507617101
List the prime factors of 898032769.
17, 23, 31, 43, 1723
What are the prime factors of 1286605939?
1286605939
What are the prime factors of 6505737?
3, 7, 309797
What are the prime factors of 26803516?
2, 6700879
List the prime factors of 585108165.
3, 5, 39007211
What are the prime factors of 76442737?
7, 41, 266351
List the prime factors of 2349796066.
2, 17, 79, 874831
What are the prime factors of 103366178?
2, 1283, 40283
What are the prime factors of 1397104532?
2, 349276133
List the prime factors of 245384423.
245384423
What are the prime factors of 759590410?
2, 5, 23, 3302567
List the prime factors of 242202241.
197, 1229453
What are the prime factors of 61875995?
5, 29, 426731
List the prime factors of 1555905565.
5, 89, 223, 15679
What are the prime factors of 3011230?
2, 5, 301123
List the prime factors of 171951896.
2, 139, 239, 647
What are the prime factors of 439043072?
2, 13, 43, 59
List the prime factors of 456387342.
2, 3, 76064557
What are the prime factors of 888349899?
3, 296116633
What are the prime factors of 147294445?
5, 233, 126433
List the prime factors of 7760240651.
379, 1801, 11369
What are the prime factors of 150318066?
2, 3, 4793, 5227
What are the prime factors of 1556696997?
3, 1117, 154849
What are the prime factors of 131390348?
2, 17, 1289, 1499
What are the prime factors of 534842514?
2, 3, 19, 43, 449
What are the prime factors of 19952608?
2, 13, 47963
List the prime factors of 354218732.
2, 7, 17, 389, 1913
What are the prime factors of 758953109?
758953109
What are the prime factors of 3773545236?
2, 3, 19, 5516879
What are the prime factors of 515229338?
2, 13, 19816513
List the prime factors of 302471446.
2, 17, 523307
List the prime factors of 210697862.
2, 229, 460039
What are the prime factors of 1065329804?
2, 7, 11, 3458863
List the prime factors of 65481312.
2, 3, 13, 71, 739
List the prime factors of 99611127.
3, 7, 11, 15971
What are the prime factors of 3201229838?
2, 23, 7723, 9011
What are the prime factors of 20207850?
2, 3, 5, 13, 43, 241
List the prime factors of 16661734.
2, 17, 523, 937
What are the prime factors of 58397660?
2, 5, 251, 11633
What are the prime factors of 313930204?
2, 7, 11211793
List the prime factors of 68138219.
68138219
List the prime factors of 1253483066.
2, 11, 17, 29, 115571
List the prime factors of 446727989.
17, 43, 389, 1571
List the prime factors of 1331454585.
3, 5, 88763639
What are the prime factors of 2706479733?
3, 902159911
List the prime factors of 78566339.
1427, 55057
List the prime factors of 208222302.
2, 3, 197, 176161
List the prime factors of 89060415.
3, 5, 5937361
What are the prime factors of 157422831?
3, 103, 131, 3889
What are the prime factors of 4288107555?
3, 5, 2521, 37799
What are the prime factors of 291336854?
2, 17, 61, 8263
List the prime factors of 1566906566.
2, 10687, 73309
What are the prime factors of 1480612495?
5, 3323, 89113
List the prime factors of 4584375354.
2, 3, 13, 83, 349, 2029
List the prime factors of 1482910593.
3, 163, 3032537
List the prime factors of 26080012.
2, 7, 103, 9043
What are the prime factors of 819763644?
2, 3, 7, 9759091
List the prime factors of 2116687294.
2, 269, 3934363
What are the prime factors of 336667271?
283, 1189637
What are the prime factors of 18162432?
2, 3, 7883
What are the prime factors of 836403314?
2, 269, 1554653
List the prime factors of 320045227.
37, 8649871
List the prime factors of 122824795.
5, 97, 253247
What are the prime factors of 2949391209?
3, 397, 439, 5641
List the prime factors of 861602966.
2, 7, 47, 26723
List the prime factors of 55792543.
43, 1297501
What are the prime factors of 377437210?
2, 5, 37743721
List the prime factors of 285126279.
3, 95042093
List the prime factors of 32769353.
17, 233, 8273
What are the prime factors of 16533354?
2, 3, 31, 103, 863
What are the prime factors of 3976028347?
1163, 3418769
List the prime factors of 96266450.
2, 5, 7, 275047
List the prime factors of 51025398.
2, 3, 17, 500249
List the prime factors of 115759142.
2, 491, 117881
What are the prime factors of 653598134?
2, 7, 127, 367603
What are the prime factors of 84668643?
3, 461, 20407
List the prime factors of 1627585285.
5, 325517057
What are the prime factors of 22517144?
2, 13, 317, 683
What are the prime factors of 5551198?
2, 2775599
What are the prime factors o